 24?
10
Let d = 78 - -186. Let h = 3561 - 3466. Calculate the remainder when h is divided by (d/(-77))/(1/(-7)).
23
Suppose 0 = -107*z + 110*z - 27. Calculate the remainder when 15 is divided by -1*z/(-9) + 2.
0
Let n(w) = -w**3 - 39*w**2 - 77*w - 111. Let s be n(-37). Suppose -7*r + 440 + 582 = s. Calculate the remainder when r is divided by 74.
72
Let t be 289 - (-2 - 0 - (-6)/(-6)). Let f = -269 + t. Calculate the remainder when (-2 + 10)/1*11 is divided by f.
19
Suppose 9*f - 10 = 7*f. Suppose 80 - 490 = -f*n. Suppose 2*m + 2*m = 5*q - 118, 4*q + 3*m - n = 0. Calculate the remainder when 43 is divided by q.
21
Suppose -5*i = -3*d + 306, -510 = -2*d - 3*d - i. Suppose -4*v + 5*f = 2*f - 129, -v + 51 = 3*f. Calculate the remainder when d is divided by v.
30
Let b = 1097 - 1854. Let i = b + 955. What is the remainder when i is divided by 41?
34
Suppose 5*g - 4*b = -0*g + 6, -g = b - 3. Suppose 5*f = -10, l + 6*f - g*f - 147 = 0. Let i = l + -81. What is the remainder when i is divided by 25?
24
Suppose -8*k = 6*k - 0*k. Suppose 0 = -m + 3*i + 143, k = -5*m + 2*i + 3*i + 725. Calculate the remainder when (-2)/(-9 - -5)*m is divided by 15.
13
What is the remainder when -28 + (-135)/(-9) - (-994 + -1) is divided by 74?
20
Suppose 0 = -37*o - 2*o + 78. Suppose -o*t + 5*a + 457 = 0, -5*t = -4*t + 4*a - 235. What is the remainder when t is divided by 29?
28
Let l(j) = -j**3 - 11*j**2 - 17*j + 11. Let w be l(-9). Suppose -w = n - 46. Let a = 173 + -89. What is the remainder when a is divided by n?
40
Let i(z) = 6*z**2 + 369*z - 447. Calculate the remainder when i(-63) is divided by 7.
1
Suppose -4*v = 8, 2*v = 3*q - 0*q - 193. Suppose 60 = 3*t - q. Calculate the remainder when t is divided by 9.
5
Let j(y) = y**3 + 84*y**2 + 1271*y - 47. What is the remainder when j(-63) is divided by 21?
16
Let k(s) = -8*s + 105. Let v be k(14). Let w(p) = -5*p - 15. What is the remainder when 98 is divided by w(v)?
18
Let f(l) be the third derivative of 5*l**5/12 + l**4/12 + 26*l**2. Let g be f(-2). Let a = -71 + g. What is the remainder when a is divided by 15?
10
Let m = -14021 + 14025. Let a = -85 + 119. Calculate the remainder when a is divided by m.
2
Let b = -7175 - -7355. Calculate the remainder when b is divided by 177.
3
Suppose -4*d - 5*r = -385, 5*d = -568*r + 566*r + 511. What is the remainder when d is divided by 100?
5
Let j = 69 + -40. Suppose 113*o - 52*o - 1380 = 49*o. Calculate the remainder when o is divided by j.
28
Let r = 194 + -192. Let s(v) = 6*v**2 - 8*v + 1. Suppose 3 = 2*o + h, 5*o + 4*h = 2 + 4. What is the remainder when s(r) is divided by o?
1
Let k be 4/(1 + 20/(-12)). What is the remainder when 120 is divided by 22 + 1 + ((-24)/k - 2)?
20
Let q = -1 - -3. Suppose -q*j + v + 2*v = -29, 5*j - v - 53 = 0. Let i(r) = -1846*r**2 - 31389*r - 101. Calculate the remainder when i(-17) is divided by j.
8
Suppose 3*p + 3*g + 342 = 441, p - 30 = -4*g. Let m(d) = -69*d - 6. Calculate the remainder when m(-5) is divided by p.
33
Let z(q) = 4*q**2 - 98*q - 284. Calculate the remainder when 483 is divided by z(29).
7
Suppose -o - 329*q = -324*q - 1127, -q + 2218 = 2*o. Calculate the remainder when o is divided by 69.
3
Suppose 141 = 4*y + 5*d, 73 = -8*y + 10*y + 5*d. What is the remainder when 227 is divided by y?
23
Let c = -39 - -43. Let w be 1/c + 30/8 + -1. Suppose -w*n + 64 = 40. What is the remainder when 17 is divided by n?
1
Suppose 51 = 2*b + 5*k, 3*b + 3*k = 8 + 73. Calculate the remainder when 152 is divided by b.
12
Let v be (60/(-9))/(6/18). Calculate the remainder when 51 is divided by (-9)/(36/v)*1.
1
Let d(w) = w**3 + 24*w**2 - 43*w + 269. Calculate the remainder when 554 is divided by d(-26).
29
Let f = 10135 + -9614. Calculate the remainder when f is divided by 66.
59
Suppose -3*d = -27 - 66. Suppose -4*o + 3*h + 1836 = 0, 3745*h - 1868 = -4*o + 3740*h. Calculate the remainder when o is divided by d.
28
Let b = -3116 - -3120. Calculate the remainder when 258 is divided by b.
2
Let n = -407 - -493. Calculate the remainder when n is divided by 10.
6
Suppose -6*f + 4 = -7*f, 2*s - 5*f = 2106. Calculate the remainder when s is divided by 347.
2
Let g(u) be the second derivative of 24*u - 1/20*u**5 + 0 + 7/6*u**4 - 11/2*u**2 - 1/2*u**3. Calculate the remainder when g(13) is divided by 20.
19
Suppose 0 = 2*k + 2*o + 4, 0*k - 16 = -2*k + 2*o. Suppose 8*f = 9*f + k. What is the remainder when 4/(24/502) + 2/f is divided by 42?
41
Suppose 0 = -23*t + 221 + 492. Calculate the remainder when 71 is divided by t.
9
Suppose 4*n = -371 + 1011. Suppose -h + 4*a = -29 - 7, 4*h - 116 = 2*a. What is the remainder when n is divided by h?
20
Let s = -827 + 836. What is the remainder when 35 is divided by s?
8
Suppose -2*n = 4 - 6. Let m = n + 3. Suppose m*p - 2*x - 48 = 0, -9 = -p + 3*x + 3. Calculate the remainder when p is divided by 3.
0
Let k = 20 + -14. Calculate the remainder when 77 is divided by (3 + ((-27)/k)/(-9))*6.
14
Let b = 93 + -247. Let d = b + 209. Let l = -3 + 17. What is the remainder when d is divided by l?
13
Suppose 0*k = 2*k + 10, 3*j - 85 = 5*k. Suppose 0 = 4*r - 5*r + 112 - 35. What is the remainder when r is divided by j?
17
Suppose a - 4*t - 1882 = 0, 130*t - 36 = 126*t. What is the remainder when 3837 is divided by a?
1
What is the remainder when -9 + (22698/9 - -5) is divided by 30?
28
Let x = -22352 - -30339. What is the remainder when x is divided by 235?
232
Let x be 7 + (-3)/1 - -8. Let n = 5 - -12. What is the remainder when (-87)/x - -7 - 117/(-4) is divided by n?
12
Suppose -5*q + 836 = -3*d + 215, -q - 4*d = -115. Calculate the remainder when 435 is divided by q.
66
Suppose -77*r - 19032 = -854251. What is the remainder when r is divided by 19?
17
Suppose 4*y + 40 = 3*h - 77, -5*y + 187 = 4*h. Let m = 290 - h. What is the remainder when m is divided by 50?
47
Suppose -25*v + 9138 = 2838. What is the remainder when 266 is divided by v?
14
Let f(l) = -3 + 266*l**2 + l**3 - 277*l**2 + 19 - l. Let b = 52 + -9. Calculate the remainder when b is divided by f(11).
3
Suppose -352*j + 323 = -335*j. What is the remainder when 4272 is divided by j?
16
Let q(x) = 91*x**2 + 64*x - 30. What is the remainder when q(5) is divided by 12?
9
What is the remainder when 1453 is divided by (-40)/52*-43 - (-4)/(-52)?
1
Suppose 8*u - 43 = 9*u. Let w = u + 171. Suppose 4*f + 2*f = 264. Calculate the remainder when w is divided by f.
40
Let w(r) = -r**3 - 5*r**2 + r + 1. Let d(h) = -h**3 - 2*h**2 - 17*h + 9. Let q(v) = -d(v) + 2*w(v). What is the remainder when 174 is divided by q(-10)?
0
Calculate the remainder when 42 + -37 + -1*2 + (-94)/(-2) is divided by 19.
12
Let z(o) = 53 + 2*o - o**3 + 3*o**3 - 54. What is the remainder when 6 is divided by z(1)?
0
Let g = 10295 + -8800. What is the remainder when g is divided by 107?
104
Suppose 3*w - w = 3*a - 89, a - 27 = 2*w. Let s(g) = 164*g - 207. Calculate the remainder when s(2) is divided by a.
28
Suppose 320 = -5*y - 135. Let d = 95 + y. Let v = 5 + -1. Calculate the remainder when d is divided by v.
0
Let t = -31 + 34. Suppose -2*n + 73 = 3*r - 4*r, t*r - 33 = -n. Let m = n + -33. What is the remainder when 4 is divided by m?
1
Let w(n) = 3*n**2 - 7*n + 64. Let p = -114 - -121. Calculate the remainder when w(p) is divided by 25.
12
Let m(z) = 11*z + 221. Let s be m(-20). Let x(o) be the first derivative of 51*o**2/2 - o - 1. What is the remainder when x(s) is divided by 18?
14
Suppose 5*i + 3*u - 318 = 0, 2*u - 15 = -2*i + 109. Let n = -55 + i. What is the remainder when n is divided by 7?
4
Let s = -15317 - -17719. Calculate the remainder when s is divided by 16.
2
Let u(v) = 31*v - 19. Let p be u(5). Suppose -25*m = -p - 239. What is the remainder when (6/2)/(1/19) is divided by m?
12
Let o = 15570 - 15475. What is the remainder when 188 is divided by o?
93
Let d = 4009 - 3967. What is the remainder when 186 is divided by d?
18
What is the remainder when 15/3 - (-8 + 8 + -1829) is divided by 17?
15
Suppose 38*f - 251*f + 48990 = 0. Calculate the remainder when f is divided by (42/4)/(3/6).
20
Let j = 167 - 162. Suppose 0 = -3*o - 4*r + 58, -j*r = -7*o + 5*o + 77. What is the remainder when 63 is divided by o?
11
Let i(j) = -j**2 - 9*j + 6. Suppose -10*u = 15 + 45. What is the rema